7 (base 9) in base 16?
9c0697
Convert 417420 (base 8) to base 11.
954a6
Convert -38732 (base 11) to base 3.
-2211001211
85be1 (base 15) to base 3
210120101111
Convert 110111101100010100100 (base 2) to base 9.
3381302
-135041332 (base 6) to base 16
-2a1658
Convert -331200510 (base 6) to base 4.
-112222130322
What is 1123131110 (base 4) in base 12?
160958
What is 32a35 (base 13) in base 6?
1545015
-214513204 (base 6) to base 13
-a54cab
What is -1322150 (base 9) in base 8?
-2604536
Convert 4412110 (base 6) to base 7.
1602636
What is -45210a (base 16) in base 2?
-10001010010000100001010
Convert -56026146 (base 7) to base 15.
-65641c
-12552326 (base 7) to base 8
-4321226
-330013200 (base 4) to base 12
-ba600
Convert b809 (base 13) to base 10.
25528
Convert -2bc080 (base 14) to base 4.
-11311312000
-20616652 (base 7) to base 13
-494a16
-212202212212 (base 3) to base 16
-723dd
What is -371185 (base 10) in base 5?
-43334220
Convert 2212264 (base 10) to base 13.
5c5c42
-580055 (base 9) to base 12
-14931b
What is 2164532 (base 7) in base 2?
1000001011101110111
483103 (base 11) to base 3
1102212222222
What is 2144255 (base 6) in base 9?
173088
What is -48127 (base 12) in base 6?
-2024451
Convert -15062536 (base 7) to base 8.
-5343320
What is -11000211 (base 3) in base 5?
-43223
What is 133131010332 (base 4) in base 15?
acd1e6
Convert 242413143 (base 6) to base 4.
101210113113
-204ca (base 13) to base 16
-e26c
Convert -56127 (base 12) to base 3.
-12210200111
What is 100100000101110000111 (base 2) in base 7?
13023545
-59008 (base 11) to base 10
-85192
Convert 2dd6a (base 14) to base 8.
340712
Convert 10031103201 (base 4) to base 12.
452429
What is -15675674 (base 8) in base 10?
-3636156
What is aa892 (base 12) in base 8?
671156
Convert c3c95 (base 13) to base 11.
220081
What is 3420052 (base 8) in base 9?
1660777
Convert -3396196 (base 10) to base 2.
-1100111101001001100100
702366 (base 8) to base 7
1650303
Convert -51013641 (base 7) to base 5.
-2041122432
What is 5309805 (base 10) in base 13?
113bac7
Convert 10110001101100111010100 (base 2) to base 8.
26154724
19bc4c (base 13) to base 4
2133310021
Convert 4404111 (base 6) to base 2.
110101011000001011
101111131101 (base 4) to base 11
2624256
What is -1df18c (base 16) in base 15?
-28b6a5
Convert -1252988 (base 10) to base 9.
-2318688
367247 (base 8) to base 6
2414131
Convert 21012010020222 (base 3) to base 9.
7163228
-1412445 (base 6) to base 2
-10011011100101101
1030301320 (base 6) to base 4
221233023300
Convert -72267 (base 12) to base 4.
-210113233
Convert -74236b (base 14) to base 13.
-a75467
What is -1331101023 (base 4) in base 15?
-a2069
12111100210 (base 4) to base 7
20052322
What is 700b7 (base 14) in base 9?
450080
326240 (base 11) to base 7
4266045
What is -122330012 (base 4) in base 14?
-2c2d8
1530116 (base 10) to base 6
52443512
Convert -1484154 (base 9) to base 2.
-11001000111110000011
What is -1011002201001 (base 3) in base 4?
-2111130301
4146303 (base 9) to base 12
8aa279
-21212021210 (base 3) to base 6
-3152250
-6d028 (base 15) to base 4
-1110320033
1bf4b7 (base 16) to base 14
359979
Convert 1161892 (base 10) to base 8.
4335244
2211414 (base 5) to base 8
112727
What is 2145264 (base 7) in base 16?
40590
What is 89ee1c (base 15) in base 13?
149561a
-165332560 (base 7) to base 13
-24765c1
What is 67427112 (base 8) in base 5?
12211421332
1011012022221212 (base 3) to base 2
111111001111110000100000
What is 691103 (base 10) in base 16?
a8b9f
What is -22122200002210 (base 3) in base 6?
-242325120
10100111110101000100 (base 2) to base 3
1021220222022
What is -277160 (base 9) in base 8?
-512457
143c6a (base 13) to base 7
4125642
Convert -8522192 (base 10) to base 2.
-100000100000100111010000
What is 1210519 (base 10) in base 12?
4a4647
What is -40134211 (base 5) in base 12?
-134088
Convert -613990 (base 11) to base 13.
-286b10
What is 1021102210 (base 3) in base 7?
133122
Convert -62660d (base 16) to base 11.
-3704a72
What is 101111010201021 (base 3) in base 8?
25204604
Convert 12021012211020 (base 3) to base 15.
3a4606
5e0cd (base 15) to base 6
10235304
What is -10061300 (base 7) in base 6?
-25545355
What is 813a3 (base 14) in base 8?
1137023
11011110110110111 (base 2) to base 7
653443
What is 483346 (base 9) in base 4?
1013011110
4052045 (base 6) to base 4
233100131
Convert 1884c3 (base 14) to base 2.
11010011111011011011
111110110110 (base 2) to base 16
fb6
20203231 (base 4) to base 5
2110203
What is -1010011101100001000000 (base 2) in base 4?
-22131201000
-1aaa5 (base 13) to base 16
-cc84
Convert 5046653 (base 10) to base 15.
69a488
Convert 22941 (base 14) to base 5.
10143031
Convert 9c517 (base 14) to base 9.
637728
Convert 1011101010010110110 (base 2) to base 8.
1352266
Convert -22104101 (base 5) to base 3.
-100201012200
-cd918 (base 16) to base 4
-3031210120
What is -3043204 (base 6) in base 10?
-145876
Convert -228647 (base 11) to base 8.
-1304471
113303221 (base 5) to base 4
2000101330
-5a85d (base 14) to base 8
-657763
What is 6614918 (base 10) in base 8?
31167606
What is 110101110011101010001010 (base 2) in base 15?
13894d6
Convert -a45a1 (base 11) to base 2.
-100101001110000010
32322003 (base 4) to base 6
1150403
What is 10120212 (base 3) in base 12?
161b
Convert -47fd32 (base 16) to base 11.
-2732677
-956681 (base 12) to base 5
-1100320442
Convert -10100011001000110011001 (base 2) to base 16.
-519199
-11100100101110100001 (base 2) to base 3
-1202121010201
24d99 (base 16) to base 3
21200001021
Convert 4354133 (base 8) to base 6.
41022203
-100001101100111000 (base 2) to base 4
-201230320
What is -132255442 (base 6) in base 3?
-11221220221022
Convert -73a0 (base 14) to base 10.
-19936
What is 11000000101101110110001 (base 2) in base 5?
3104034204
Convert 14baa8b (base 12) to base 10.
4228235
Convert -22303212300 (base 4) to base 16.
-2b39b0
Convert 3421036 (base 7) to base 4.
1213312003
Convert 4d688c (base 14) to base 15.
37ab90
Convert 12245430 (base 6) to base 9.
662130
Convert -57ad8 (base 15) to base 6.
-5552335
Convert -cf729 (base 16) to base 14.
-181933
Convert 44022443 (base 7) to base 9.
7076115
-1232226 (base 9) to base 7
-5462610
-1708a (base 14) to base 5
-3321441
Convert -10231220 (base 5) to base 15.
-1a925
What is 11111001001011001101 (base 2) in base 15?
152616
What is -10010000101010110100100 (base 2) in base 7?
-55202514
-340655 (base 9) to base 8
-616227
Convert 414341 (base 7) to base 13.
26522
What is -db066b (base 15) in base 7?
-154440515
46372335 (base 8) to base 9
20877410
What is 263222 (base 7) in base 5?
3033123
What is -1dec7c (base 15) in base 12?
-5a9353
-23024113 (base 6) to base 16
-abb6d
-2a8003 (base 12) to base 5
-141000401
Convert 6364043 (base 8) to base 14.
322a55
What is 19905 (base 14) in base 4?
33311301
-3e8a0 (base 15) to base 3
-101012211020
210424320 (base 5) to base 7
10266155
What is 921055 (base 11) in base 14?
2a759a
Convert -27550 (base 9) to base 11.
-13038
Convert -234384 (base 13) to base 14.
-17b3ba
What is -805972 (base 10) in base 5?
-201242342
Convert 116404651 (base 7) to base 9.
14762327
10110110010100111 (base 2) to base 4
112302213
What is 146777 (base 8) in base 3?
2200100011
-44484 (base 12) to base 7
-524641
What is 1000011110010111010010 (base 2) in base 13?
5ca214
Convert c5cbc0 (base 14) to base 2.
11001011111001010000100
Convert -52213000 (base 7) to base 3.
-22021001000201
What is -12034310 (base 5) in base 4?
-123103112
-262862 (base 9) to base 5
-20102001
What is 101111001011111110111 (base 2) in base 9?
2816024
What is -1319b6 (base 12) in base 11?
-1a5079
Convert -384413 (base 9) to base 13.
-82005
-10000011100111100110 (base 2) to base 4
-2003213212
-1101558 (base 10) to base 15
-16b5c3
63865 (base 12) to base 6
2445405
Convert -988e0d (base 15) to base 13.
-1676b03
What is 2b1350 (base 12) in base 15?
e5a70
19fc6 (base 16) to base 14
2ab0a
What is -4aa27 (base 12) in base 16?
-18d3f
-8ec5bd (base 15) to base 14
-c99637
Convert -e427 (base 15) to base 5.
-3020222
-4303330 (base 6) to base 7
-1535235
What is -472a30 (base 12) in base 14?
-21b5d2
101111120010022 (base 3) to base 14
a54013
What is 204a62 (base 11) in base 7?
2536215
What is 3126430 (base 10) in base 4?
23323102132
-1110101010000111 (base 2) to b